{"id":378,"date":"2019-11-23T21:22:17","date_gmt":"2019-11-23T20:22:17","guid":{"rendered":"https:\/\/www.farnostrozhanovce.sk\/?page_id=378"},"modified":"2026-01-12T02:28:38","modified_gmt":"2026-01-12T01:28:38","slug":"birmovka","status":"publish","type":"page","link":"https:\/\/farnostvinne.sk\/?page_id=378","title":{"rendered":"Pr\u00edprava na sviatos\u0165 birmovania"},"content":{"rendered":"\n<p><\/p>\n\n\n\n<p><\/p>\n\n\n<hr \/>\n<h2 style=\"text-align: center;\"><strong><span style=\"color: #ff0000;\">Pl\u00e1novan\u00e1 sviatos\u0165 birmovania v na\u0161ej farnosti bude 20.09.2026 o 10:30<\/span><\/strong><\/h2>\n<hr \/>\n<a href=\"https:\/\/farnostvinne.sk\/wp-content\/uploads\/2025\/09\/Prihlaska-na-birmovku-202526-1.pdf\" class=\"pdfemb-viewer\" style=\"\" data-width=\"max\" data-height=\"max\"  data-toolbar=\"bottom\" data-toolbar-fixed=\"off\">Prihlaska-na-birmovku 2025:26<br\/><\/a>\n<hr \/>\n<h5 style=\"text-align: center;\">\u00a0<\/h5>\n<h4><span style=\"color: #0000ff;\"><strong>Na preh\u013abenie duchovn\u00e9ho \u017eivota\u00a0<\/strong><\/span><\/h4>\n<h6><span style=\"color: #000000;\">mil\u00ed \u017eiaci a birmovanci, ke\u010f\u017ee sa nem\u00f4\u017eeme stret\u00e1va\u0165 v \u0161kole ani na fare aspo\u0148 touto formou V\u00e1m zasielam zop\u00e1r pon\u00fak na zamyslenie dnes<\/span><\/h6>\n<p style=\"text-align: left;\"><span style=\"color: #0000ff;\"><a href=\"https:\/\/www.youtube.com\/watch?v=CrEpxnctRdY\"><img loading=\"lazy\" decoding=\"async\" class=\"alignleft  wp-image-1771\" src=\"http:\/\/farnostvinne.sk\/wp-content\/uploads\/2020\/04\/logos-03-2015-zlo-300x207.jpg\" alt=\"\" width=\"75\" height=\"52\" srcset=\"https:\/\/farnostvinne.sk\/wp-content\/uploads\/2020\/04\/logos-03-2015-zlo-300x207.jpg 300w, https:\/\/farnostvinne.sk\/wp-content\/uploads\/2020\/04\/logos-03-2015-zlo.jpg 650w\" sizes=\"auto, (max-width: 75px) 100vw, 75px\" \/><\/a><a style=\"color: #0000ff;\" href=\"https:\/\/www.youtube.com\/watch?v=CrEpxnctRdY\">Pre\u010do je na svete zlo<\/a><\/span><\/p>\n<p><span style=\"color: #0000ff;\"><a style=\"color: #0000ff;\" href=\"https:\/\/www.youtube.com\/watch?v=ySjJitokOBk\">Dej\u00fa sa z\u00e1zraky?<\/a><a href=\"https:\/\/www.youtube.com\/watch?v=ySjJitokOBk\"><img loading=\"lazy\" decoding=\"async\" class=\"alignleft wp-image-1237\" src=\"http:\/\/farnostvinne.sk\/wp-content\/uploads\/2020\/03\/mountain-view-1-300x199.jpg\" alt=\"\" width=\"72\" height=\"48\" srcset=\"https:\/\/farnostvinne.sk\/wp-content\/uploads\/2020\/03\/mountain-view-1-300x199.jpg 300w, https:\/\/farnostvinne.sk\/wp-content\/uploads\/2020\/03\/mountain-view-1.jpg 720w\" sizes=\"auto, (max-width: 72px) 100vw, 72px\" \/><\/a><\/span><\/p>\n<p><span style=\"color: #0000ff;\"><a style=\"color: #0000ff;\" href=\"https:\/\/www.youtube.com\/watch?v=DPegWRbhH-A\"><img loading=\"lazy\" decoding=\"async\" class=\"alignleft  wp-image-1772\" src=\"http:\/\/farnostvinne.sk\/wp-content\/uploads\/2020\/04\/images-300x140.jpg\" alt=\"\" width=\"96\" height=\"45\" srcset=\"https:\/\/farnostvinne.sk\/wp-content\/uploads\/2020\/04\/images-300x140.jpg 300w, https:\/\/farnostvinne.sk\/wp-content\/uploads\/2020\/04\/images.jpg 329w\" sizes=\"auto, (max-width: 96px) 100vw, 96px\" \/><\/a><a style=\"color: #0000ff;\" href=\"https:\/\/www.youtube.com\/watch?v=DPegWRbhH-A\">Vidie\u0165 Boha v \u013eudskom mozgu<\/a><\/span><\/p>\n\n\n<div class=\"wp-block-file\"><a id=\"wp-block-file--media-d0fde4e2-6701-4eb5-81fd-2b20b3ef6d1f\" href=\"http:\/\/farnostvinne.sk\/wp-content\/uploads\/2020\/05\/modlitba-chmielowski.mp4\"><br><strong><span class=\"has-inline-color has-vivid-green-cyan-color\">O modlitbe<\/span><\/strong><\/a><a href=\"http:\/\/farnostvinne.sk\/wp-content\/uploads\/2020\/05\/modlitba-chmielowski.mp4\" class=\"wp-block-file__button wp-element-button\" download aria-describedby=\"wp-block-file--media-d0fde4e2-6701-4eb5-81fd-2b20b3ef6d1f\">Stiahnu\u0165<\/a><\/div>\n\n\n\n<div class=\"wp-block-file\"><a id=\"wp-block-file--media-5129f521-e04f-47c6-bf84-c5fca84dfccd\" href=\"http:\/\/farnostvinne.sk\/wp-content\/uploads\/2020\/05\/Dospelos\u0165-Rodi\u010dia-V\u00fdchova.mp4\"><strong><span class=\"has-inline-color has-vivid-green-cyan-color\">Dospelos\u0165-Rodi\u010dia-V\u00fdchova<\/span><\/strong><\/a><a href=\"http:\/\/farnostvinne.sk\/wp-content\/uploads\/2020\/05\/Dospelos\u0165-Rodi\u010dia-V\u00fdchova.mp4\" class=\"wp-block-file__button wp-element-button\" download aria-describedby=\"wp-block-file--media-5129f521-e04f-47c6-bf84-c5fca84dfccd\">Stiahnu\u0165<\/a><\/div>\n\n\n\n<div class=\"wp-block-file\"><a id=\"wp-block-file--media-04127173-06fb-4093-86cb-17214a3f2a61\" href=\"https:\/\/farnostvinne.sk\/wp-content\/uploads\/2020\/04\/Max-Ka\u0161par\u016f-\u201eVy-nem\u00e1te-hriech-vy-m\u00e1te-depresiu\u201c-1.mp4\"><mark style=\"background-color:rgba(0, 0, 0, 0)\" class=\"has-inline-color has-vivid-green-cyan-color\"><strong>Max-Ka\u0161par\u016f-\u201eVy-nem\u00e1te-hriech-vy-m\u00e1te-depresiu\u201c-VIDEO<\/strong><\/mark><\/a><a href=\"https:\/\/farnostvinne.sk\/wp-content\/uploads\/2020\/04\/Max-Ka\u0161par\u016f-\u201eVy-nem\u00e1te-hriech-vy-m\u00e1te-depresiu\u201c-1.mp4\" class=\"wp-block-file__button wp-element-button\" download aria-describedby=\"wp-block-file--media-04127173-06fb-4093-86cb-17214a3f2a61\">Stiahnu\u0165<\/a><\/div>\n\n\n\n<div class=\"wp-block-file\"><a id=\"wp-block-file--media-29ab17dc-b7b0-494a-a83b-e1e4ae60bd48\" href=\"http:\/\/farnostvinne.sk\/wp-content\/uploads\/2020\/04\/o-eucharistiin.mp4\"><mark style=\"background-color:rgba(0, 0, 0, 0)\" class=\"has-inline-color has-vivid-green-cyan-color\"><strong>o.Dominik O Eucharistii a Z\u00e1zraku<\/strong><\/mark> <strong><mark style=\"background-color:rgba(0, 0, 0, 0)\" class=\"has-inline-color has-vivid-green-cyan-color\">VIDEO<\/mark><\/strong><\/a><a href=\"http:\/\/farnostvinne.sk\/wp-content\/uploads\/2020\/04\/o-eucharistiin.mp4\" class=\"wp-block-file__button wp-element-button\" download aria-describedby=\"wp-block-file--media-29ab17dc-b7b0-494a-a83b-e1e4ae60bd48\">Stiahnu\u0165<\/a><\/div>\n\n\n\n<div class=\"wp-block-file\"><a id=\"wp-block-file--media-d5a6d9ce-6e0a-44ec-8c4e-6a7a69fca5bf\" href=\"https:\/\/farnostvinne.sk\/wp-content\/uploads\/2020\/04\/Spove\u010f-1.mp4\"><strong><span class=\"has-inline-color has-vivid-green-cyan-color\">\u010co je odpustenie a milosrdenstvo<\/span><\/strong><\/a><a href=\"https:\/\/farnostvinne.sk\/wp-content\/uploads\/2020\/04\/Spove\u010f-1.mp4\" class=\"wp-block-file__button wp-element-button\" download aria-describedby=\"wp-block-file--media-d5a6d9ce-6e0a-44ec-8c4e-6a7a69fca5bf\">Stiahnu\u0165<\/a><\/div>\n\n\n<hr>\n<p><span style=\"color: #0000ff;\"><strong data-rich-text-format-boundary=\"true\">Birmovn\u00fd rodi\u010d<\/strong> <\/span><br data-rich-text-line-break=\"true\"><span style=\"color: #000000;\">\u00dalohou birmovn\u00e9ho rodi\u010da je stara\u0165 sa, aby sa pobirmovan\u00fd spr\u00e1val ako svedok Je\u017ei\u0161a Krista a&nbsp;aby si verne plnil povinnosti, ktor\u00e9 s\u00favisia s&nbsp;touto sviatos\u0165ou. Teda, aby o&nbsp;Kristovi sved\u010dil slovom a&nbsp;vlastn\u00fdm \u017eivotom, u\u017e\u0161ie sa sp\u00e1jal s&nbsp;Cirkvou a&nbsp;budoval tajomn\u00e9 Kristovo telo.<\/span><br data-rich-text-line-break=\"true\"><span style=\"color: #000000;\">K\u00e1non 893 &#8211; \u00a7 1 CIC hovor\u00ed: aby niekto plnil \u00falohu birmovn\u00e9ho rodi\u010da, je potrebn\u00e9, aby vyhovoval podmienkam, o&nbsp;ktor\u00fdch sa hovor\u00ed v&nbsp;K\u00e1none 874 a&nbsp;tento hovor\u00ed: Aby niekto mohol by\u0165 birmovn\u00fdm rodi\u010dom je potrebn\u00e9:<\/span><br data-rich-text-line-break=\"true\"><span style=\"color: #000000;\">1.&nbsp;&nbsp;&nbsp;&nbsp;&nbsp;aby ho ur\u010dil s\u00e1m birmovanec, alebo jeho rodi\u010d.<\/span><br data-rich-text-line-break=\"true\"><span style=\"color: #000000;\">2.&nbsp;&nbsp;&nbsp;&nbsp;&nbsp;aby zav\u0155\u0161il 16. rok \u017eivota.<\/span><br data-rich-text-line-break=\"true\"><span style=\"color: #000000;\">3.&nbsp;&nbsp;&nbsp;&nbsp;&nbsp;aby bol&nbsp;&nbsp;katol\u00edk, pobirmovan\u00fd, ktor\u00fd u\u017e prijal Najsv\u00e4tej\u0161iu Eucharistiu, a&nbsp;viedol \u017eivot primeran\u00fd viere a&nbsp;\u00falohe, ktor\u00fa ma prija\u0165.<\/span><br data-rich-text-line-break=\"true\"><span style=\"color: #000000;\">4.&nbsp;&nbsp;&nbsp;&nbsp;&nbsp;nesmie by\u0165 postihnut\u00fd nijak\u00fdm k\u00e1nonick\u00fdm trestom, nesmie by\u0165 rozveden\u00fd, nesob\u00e1\u0161en\u00fd v&nbsp;kostole &#8230;<\/span><br data-rich-text-line-break=\"true\"><span style=\"color: #000000;\">5.&nbsp;&nbsp;&nbsp;&nbsp;&nbsp;birmovn\u00fd rodi\u010d nesmie by\u0165 otec alebo matka birmovanca.<\/span><br data-rich-text-line-break=\"true\"><span style=\"color: #000000;\">m\u00f4\u017ee by\u0165 jeden z&nbsp;&nbsp;krstn\u00fdch rodi\u010dov.<\/span><\/p>","protected":false},"excerpt":{"rendered":"<p>Pl\u00e1novan\u00e1 sviatos\u0165 birmovania v na\u0161ej farnosti bude 20.09.2026 o 10:30 \u00a0 Na preh\u013abenie duchovn\u00e9ho \u017eivota\u00a0 mil\u00ed \u017eiaci a birmovanci, ke\u010f\u017ee sa nem\u00f4\u017eeme stret\u00e1va\u0165 v \u0161kole ani na fare aspo\u0148 touto formou V\u00e1m zasielam zop\u00e1r pon\u00fak na zamyslenie dnes Pre\u010do je na svete zlo Dej\u00fa sa z\u00e1zraky? Vidie\u0165 Boha v \u013eudskom mozgu Birmovn\u00fd rodi\u010d \u00dalohou birmovn\u00e9ho [&hellip;]<\/p>\n","protected":false},"author":2,"featured_media":0,"parent":0,"menu_order":0,"comment_status":"closed","ping_status":"closed","template":"","meta":{"_monsterinsights_skip_tracking":false,"_monsterinsights_sitenote_active":false,"_monsterinsights_sitenote_note":"","_monsterinsights_sitenote_category":0,"footnotes":""},"class_list":["post-378","page","type-page","status-publish","hentry"],"_links":{"self":[{"href":"https:\/\/farnostvinne.sk\/index.php?rest_route=\/wp\/v2\/pages\/378","targetHints":{"allow":["GET"]}}],"collection":[{"href":"https:\/\/farnostvinne.sk\/index.php?rest_route=\/wp\/v2\/pages"}],"about":[{"href":"https:\/\/farnostvinne.sk\/index.php?rest_route=\/wp\/v2\/types\/page"}],"author":[{"embeddable":true,"href":"https:\/\/farnostvinne.sk\/index.php?rest_route=\/wp\/v2\/users\/2"}],"replies":[{"embeddable":true,"href":"https:\/\/farnostvinne.sk\/index.php?rest_route=%2Fwp%2Fv2%2Fcomments&post=378"}],"version-history":[{"count":5,"href":"https:\/\/farnostvinne.sk\/index.php?rest_route=\/wp\/v2\/pages\/378\/revisions"}],"predecessor-version":[{"id":7230,"href":"https:\/\/farnostvinne.sk\/index.php?rest_route=\/wp\/v2\/pages\/378\/revisions\/7230"}],"wp:attachment":[{"href":"https:\/\/farnostvinne.sk\/index.php?rest_route=%2Fwp%2Fv2%2Fmedia&parent=378"}],"curies":[{"name":"wp","href":"https:\/\/api.w.org\/{rel}","templated":true}]}}