{"id":2,"date":"2020-03-25T14:58:53","date_gmt":"2020-03-25T13:58:53","guid":{"rendered":"http:\/\/farnostvinne.sk\/?page_id=2"},"modified":"2020-03-29T12:22:34","modified_gmt":"2020-03-29T10:22:34","slug":"ukazka-strany","status":"publish","type":"page","link":"https:\/\/farnostvinne.sk\/?page_id=2","title":{"rendered":"Hist\u00f3ria"},"content":{"rendered":"<p>Vyberte podkateg\u00f3riu<\/p>\n<p><span style=\"color: #0000ff;\"><a style=\"color: #0000ff;\" href=\"https:\/\/farnostvinne.sk\/?page_id=1067\">O farnosti<\/a><\/span><\/p>\n<p><span style=\"color: #0000ff;\"><a style=\"color: #0000ff;\" href=\"https:\/\/farnostvinne.sk\/?page_id=1063\">K\u0148azi, ktor\u00ed tu p\u00f4sobili\u00a0<\/a><\/span><\/p>\n<p><span style=\"color: #0000ff;\"><a style=\"color: #0000ff;\" href=\"https:\/\/farnostvinne.sk\/?page_id=319\">Gal\u00e9ria<\/a><\/span><\/p>\n","protected":false},"excerpt":{"rendered":"<p>Vyberte podkateg\u00f3riu O farnosti K\u0148azi, ktor\u00ed tu p\u00f4sobili\u00a0 Gal\u00e9ria<\/p>\n","protected":false},"author":1,"featured_media":0,"parent":0,"menu_order":0,"comment_status":"closed","ping_status":"open","template":"","meta":{"_monsterinsights_skip_tracking":false,"_monsterinsights_sitenote_active":false,"_monsterinsights_sitenote_note":"","_monsterinsights_sitenote_category":0,"footnotes":""},"class_list":["post-2","page","type-page","status-publish","hentry"],"_links":{"self":[{"href":"https:\/\/farnostvinne.sk\/index.php?rest_route=\/wp\/v2\/pages\/2","targetHints":{"allow":["GET"]}}],"collection":[{"href":"https:\/\/farnostvinne.sk\/index.php?rest_route=\/wp\/v2\/pages"}],"about":[{"href":"https:\/\/farnostvinne.sk\/index.php?rest_route=\/wp\/v2\/types\/page"}],"author":[{"embeddable":true,"href":"https:\/\/farnostvinne.sk\/index.php?rest_route=\/wp\/v2\/users\/1"}],"replies":[{"embeddable":true,"href":"https:\/\/farnostvinne.sk\/index.php?rest_route=%2Fwp%2Fv2%2Fcomments&post=2"}],"version-history":[{"count":6,"href":"https:\/\/farnostvinne.sk\/index.php?rest_route=\/wp\/v2\/pages\/2\/revisions"}],"predecessor-version":[{"id":1216,"href":"https:\/\/farnostvinne.sk\/index.php?rest_route=\/wp\/v2\/pages\/2\/revisions\/1216"}],"wp:attachment":[{"href":"https:\/\/farnostvinne.sk\/index.php?rest_route=%2Fwp%2Fv2%2Fmedia&parent=2"}],"curies":[{"name":"wp","href":"https:\/\/api.w.org\/{rel}","templated":true}]}}