{"id":15,"date":"2018-02-13T22:29:14","date_gmt":"2018-02-13T21:29:14","guid":{"rendered":"http:\/\/sabols.atknet.sk\/wordpress\/?page_id=15"},"modified":"2020-04-21T09:49:47","modified_gmt":"2020-04-21T07:49:47","slug":"spolocenstvo-rodin","status":"publish","type":"page","link":"https:\/\/farnostvinne.sk\/?page_id=15","title":{"rendered":"Spolo\u010denstvo Modlitby Matiek"},"content":{"rendered":"<div class=\"text cf design-01\">\n<div class=\"text b b-text cf design-01\">\n<div class=\"text-content\">\n<div class=\"container clearfix\">\n<div class=\"section-title clearfix medium text-left \">\n<hr \/>\n<h3 class=\"heading\"><span style=\"color: #0000ff;\"><strong>Modlitby matiek<\/strong><\/span><\/h3>\n<div class=\"excerpt\">\n<p>\u201e<em><span style=\"color: #000000;\">Obr\u00e1\u0165te sa v modlitbe na Je\u017ei\u0161a. Miluje v\u00e1s.\u00a0V\u0161etk\u00fdch v\u00e1s miluje.\u00a0<\/span><\/em><br \/>\n<em><span style=\"color: #000000;\">Miluje va\u0161e deti.\u00a0Kedy uver\u00edte, ako ve\u013emi v\u00e1s miluje?\u201c<\/span><\/em><\/p>\n<\/div>\n<\/div>\n<\/div>\n<div class=\"row container list-grid\">\n<div id=\"layers-widget-column-30-103\" class=\"layers-masonry-column layers-widget-column-103 span-12 last  column\">\n<div class=\"media image-top medium\">\n<div class=\"media-body text-left\">\n<h5 class=\"heading\"><strong><span style=\"color: #0000ff;\"><img loading=\"lazy\" decoding=\"async\" class=\"alignleft  wp-image-1175\" src=\"http:\/\/farnostvinne.sk\/wp-content\/uploads\/2020\/03\/Kostol_vinn\u00e9-300x185.jpg\" alt=\"\" width=\"169\" height=\"104\" srcset=\"https:\/\/farnostvinne.sk\/wp-content\/uploads\/2020\/03\/Kostol_vinn\u00e9-300x185.jpg 300w, https:\/\/farnostvinne.sk\/wp-content\/uploads\/2020\/03\/Kostol_vinn\u00e9-768x473.jpg 768w, https:\/\/farnostvinne.sk\/wp-content\/uploads\/2020\/03\/Kostol_vinn\u00e9-340x210.jpg 340w, https:\/\/farnostvinne.sk\/wp-content\/uploads\/2020\/03\/Kostol_vinn\u00e9.jpg 857w\" sizes=\"auto, (max-width: 169px) 100vw, 169px\" \/>Hist\u00f3ria<\/span><\/strong><\/h5>\n<div class=\"excerpt\">\n<p><span style=\"color: #000000;\">Modlitby matiek za\u010dali v roku 1995 v Anglicku, ke\u010f dve star\u00e9 mamy poc\u00edtili potrebu modli\u0165 sa za svoje deti a vn\u00fa\u010dat\u00e1. ich zakladate\u013ekou je Veronica Wiliams. Ist\u00fd \u010das, spolu so \u0161vagrinou Sandrou, c\u00edtili potrebu, modli\u0165 sa odovzdanej\u0161ie za svoje deti. Ich ve\u013ek\u00e1 vn\u00fatorn\u00e1 potreba bola potvrden\u00e1 Bo\u017e\u00edm slovom, ktor\u00e9 im dal P\u00e1n pri modlitbe. Veronica otvorila Bibliu a \u010d\u00edtala slov\u00e1 z knihy proroka Jeremi\u00e1\u0161a 31, 16- 17 :\u201ePresta\u0148te plaka\u0165 a utrite si slzy, v\u0161etko, \u010do ste urobili pre svoje deti, nezostane bez odmeny. Vr\u00e1tia sa z nepriate\u013eovej krajiny. Je tu n\u00e1dej pre bud\u00facnos\u0165. Va\u0161e deti sa vr\u00e1tia domov. Ja P\u00e1n som tak povedal. \u201eTo im bolo znamen\u00edm, \u017ee modlitbov\u00fa skupinu si \u017eel\u00e1 P\u00e1n a On ich bude aj vies\u0165. Tak vznikli prv\u00e9 skupinky Modlitieb matiek, ktor\u00e9 sa postupne roz\u0161\u00edrili a vznikli Modlitby otcov. V modlitbe spoznali, \u017ee P\u00e1n Je\u017ei\u0161 chce, aby matky odovzd\u00e1vali deti do Jeho r\u00fak. Postupne sa modlitby matiek roz\u0161\u00edrili do viac ako 70 kraj\u00edn cel\u00e9ho sveta. Ve\u013ea modlitieb a prosieb bolo vypo\u010dut\u00fdch a mnoho det\u00ed zachr\u00e1nen\u00fdch, uzdraven\u00fdch z r\u00f4znych chor\u00f4b a z\u00e1vislost\u00ed. <\/span><span style=\"color: #000000;\">Na utvorenie modlitebnej skupinky sta\u010dia dve matky, najviac v\u0161ak osem. Matky sa stret\u00e1vaj\u00fa raz do t\u00fd\u017ed\u0148a. V spolo\u010denstve plat\u00ed pr\u00edsna z\u00e1sada ml\u010danlivosti. \u017diaden probl\u00e9m sa nevyn\u00e1\u0161a na verejnos\u0165. Matky si pom\u00e1haj\u00fa nies\u0165 svoje bremen\u00e1 a navz\u00e1jom sa za seba modlia. Raz za \u0161tvr\u0165rok prebieha celosvetov\u00e9 modlitebn\u00e9 trojdnie matiek, ktor\u00e9 sa spolo\u010dne postia a modlia na rovnak\u00fd \u00famysel.<\/span><\/p>\n<h5 class=\"heading\"><strong><span style=\"color: #0000ff;\">Vznik vo farnosti vo Vinnom\u00a0<\/span><\/strong><\/h5>\n<div class=\"excerpt\">\n<p><span style=\"color: #000000;\">V na\u0161ej farnosti vzniklo spolo\u010denstvo Modlitby Matiek v roku 2004. <\/span><span style=\"color: #000000;\">Dlh\u00e9 roky v\u0161ak \u00a0to boli iba dve mamy, ktor\u00e9 ale \u00a0prosili Je\u017ei\u0161a, aby obohatil ich spolo\u010denstvo o \u010fal\u0161ie sestry. Museli sa u\u010di\u0165 trpezlivosti. \u00a0P\u00e1n ich nechal \u010daka\u0165, no nakoniec predsa len prosby vypo\u010dul. Po siedmych rokoch sa za\u010dali nesmelo prid\u00e1va\u0165 niektor\u00e9 \u010fal\u0161ie mamy. Nie v\u0161etky \u00a0v\u0161ak oslovila pravidelnos\u0165 a spiritualita diela Modlitby Matiek. Nejak\u00e9 obdobie sa modlili s nami, no po \u010dase niektor\u00e9 dali prednos\u0165 in\u00fdm sp\u00f4sobom modlitby a na stretnutia prestali chodi\u0165.<\/span><\/p>\n<p><span style=\"color: #000000;\">Po\u017eehnan\u00fd bol rok 2014, kedy sa do Modlitieb Matiek zapojilo v jednom obdob\u00ed to\u013eko m\u00e1m, \u017ee sme sa museli po kr\u00e1tkom \u010dase rozdeli\u0165 na dve skupinky. Kv\u00f4li udr\u017eaniu intimity \u00a0a d\u00f4vernosti m\u00f4\u017ee ma\u0165 skupinka minim\u00e1lne 2, maxim\u00e1lne 8 matiek. Modlitby s\u00fa umo\u017enen\u00e9 v\u0161etk\u00fdm \u017een\u00e1m so srdcom matky. Fyzick\u00e9, ale aj duchovn\u00e9 matky, star\u00e9 mamy, slobodn\u00e9, vydat\u00e9, rozveden\u00e9, reho\u013en\u00ed\u010dky.<\/span><\/p>\n<h5 class=\"heading\"><strong><span style=\"color: #0000ff;\">P\u00f4sobenie vo farnosti Vinn\u00e9<\/span><\/strong><\/h5>\n<p><span style=\"color: #000000;\">Stret\u00e1vame sa teda v dvoch skupink\u00e1ch. Miesto stretnut\u00ed je na fare a v kostole. Striedame sa po mesiaci. Pred kr\u00ed\u017eom n\u00e1m svieti svie\u010dka, je polo\u017een\u00fd ko\u0161\u00edk, do ktor\u00e9ho vklad\u00e1me na kr\u00fa\u017ekoch nap\u00edsan\u00e9 men\u00e1 svojich det\u00ed, men\u00e1 ich man\u017eelsk\u00fdch partnerov a deti, resp. vn\u00fa\u010dat, \u00a0men\u00e1 svojich krstn\u00fdch, pr\u00edpadne birmovn\u00fdch det\u00ed. M\u00f4\u017eeme si aj adoptova\u0165 svoje duchovn\u00e9 die\u0165a, za ktor\u00e9 sa chceme v tomto spolo\u010denstve modli\u0165. \u010ealej na stretnut\u00ed m\u00e1me\u00a0 sv\u00e4t\u00e9 P\u00edsmo, z ktor\u00e9ho si po\u010das modlitieb k\u00fasok pre\u010d\u00edtame. Po chv\u00ed\u013eke ticha a\u00a0 rozj\u00edmania, zdie\u013eame si navz\u00e1jom svoje my\u0161lienky.<\/span><\/p>\n<p><span style=\"color: #000000;\">Na za\u010diatku ka\u017ed\u00e9ho stretnutia sa modl\u00edme k Duchu sv., aby On viedol na\u0161e stretnutie, aby sme si navz\u00e1jom povedali pr\u00e1ve to, \u010do n\u00e1m On chce v danej chv\u00edli poveda\u0165. Navz\u00e1jom sa tak \u00a0povzbudzujeme, utvrdzujeme sa v trpezlivosti a \u017easneme nad t\u00fdm, ako P\u00e1n riadi na\u0161e \u017eivoty.\u00a0 Nako\u013eko tu plat\u00ed pr\u00edsna intimita a ml\u010danlivos\u0165, v\u0161etko\u00a0 to, \u010do si o sebe povieme na stretnut\u00ed, je pou\u017eit\u00e9 len a len na na\u0161e vz\u00e1jomn\u00e9 obohatenie a povzbudenie. Ni\u010d \u00a0z toho sa nesmie vynies\u0165 vonku. Pri na\u0161ich rozj\u00edmaniach nad sv. P\u00edsmom sme obsiahli poznanie, \u017ee Boh m\u00e1 naozaj na\u0161e \u017eivoty vo svojich ruk\u00e1ch, a \u017ee je ich\u00a0 m\u00fadrym a l\u00e1skav\u00fdm\u00a0 re\u017eis\u00e9rom.<\/span><\/p>\n<p><span style=\"color: #000000;\">\u010co n\u00e1m modlitby matiek d\u00e1vaj\u00fa? Predov\u0161etk\u00fdm neopakovate\u013en\u00fd pocit bl\u00edzkosti Boha, ke\u010f sa pri odovzd\u00e1van\u00ed det\u00ed do Je\u017ei\u0161ovho srdca, stretne matkino srdce so srdcom\u00a0Je\u017ei\u0161ov\u00fdm. Ve\u013ek\u00e1 \u00fatecha, l\u00e1ska, sila, odvaha, ktor\u00e1 prech\u00e1dza z\u00a0Je\u017ei\u0161a do n\u00e1\u0161ho srdca a\u00a0je n\u00e1m pomocou, ke\u010f pre\u017e\u00edvame s\u00a0na\u0161imi de\u0165mi, a\u00a0nielen s\u00a0nimi, mnoh\u00e9 \u0165a\u017ekosti a\u00a0sk\u00fa\u0161ky. Zo stretnutia odch\u00e1dzame pln\u00e9 radosti, pokoja, vz\u00e1jomnej spolupatri\u010dnosti, posilnen\u00e9 na duchu. Tvor\u00edme spolo\u010denstvo priateliek, o\u00a0ktorom vieme, \u017ee sa m\u00f4\u017eeme na seba spo\u013eahn\u00fa\u0165. Pom\u00e1hame si navz\u00e1jom nies\u0165 svoje \u017eivotn\u00e9 kr\u00ed\u017ee. Modl\u00edme sa navz\u00e1jom za seba. Modl\u00edme sa aj za deti vo farnosti, za na\u0161ich duchovn\u00fdch otcov teraj\u0161\u00edch, ale aj b\u00fdval\u00fdch. Menovite sa modl\u00edme aj za \u0165a\u017eko chor\u00fdch v\u00a0na\u0161ich rodin\u00e1ch a\u00a0tie\u017e v\u00a0na\u0161ej farskej rodine. O\u00a0Bo\u017eiu pomoc a\u00a0posilu pros\u00edme\u00a0 aj za t\u00fdch, ktor\u00ed sa o\u00a0star\u00fdch a\u00a0chor\u00fdch staraj\u00fa.<\/span><\/p>\n<p><span style=\"color: #000000;\">Pred nejak\u00fdm \u010dasom sme sa dozvedeli o\u00a0dvoch mamink\u00e1ch, ktor\u00e9 boli v\u00a0po\u017eehnanom stave. Progn\u00f3zy lek\u00e1rov boli v\u0161ak ve\u013emi zl\u00e9. Naozaj sme vlo\u017eili cel\u00e9 svoje srdcia do prosieb, aby Boh dal t\u00fdmto \u017eienkam a\u00a0ich man\u017eelom silu prija\u0165 t\u00fato \u0165a\u017ek\u00fa situ\u00e1ciu. A\u00a0P\u00e1n na\u0161e prosby vypo\u010dul. V\u00a0jednom pr\u00edpade sa die\u0165atko narodilo\u00a0 len s\u00a0minim\u00e1lnymi probl\u00e9mami a lek\u00e1ri ihne\u010f za\u010dali s\u00a0lie\u010dbou. V\u00a0druhom pr\u00edpade, aj ke\u010f die\u0165atko bolo na tom zdravotne trochu hor\u0161ie, prin\u00e1\u0161a rodi\u010dom ve\u013ek\u00fa rados\u0165, l\u00e1sku a\u00a0po\u017eehnanie. A\u00a0lek\u00e1ri spolu s\u00a0rodi\u010dmi bdej\u00fa nad t\u00fdm, aby sa mu dostalo, \u010do najlep\u0161ej kvality \u017eivota. Aj tak\u00e9to sk\u00fasenosti n\u00e1s utvrdzuj\u00fa o\u00a0tom, \u017ee ni\u010d, o\u00a0\u010do\u00a0 pros\u00edme neostane bez Bo\u017eej odozvy. St\u00e1le sa o\u00a0tom utvrdzujeme.<\/span><\/p>\n<p><span style=\"color: #000000;\">Na\u0161e spolo\u010denstvo nechce by\u0165 uzavret\u00e9 len pre seba. V\u00a0d\u0148och 26.6., 27.6., a 28.6.2015 sme usporiadali Modlitbov\u00e9 trojdnie pre cel\u00fa farnos\u0165. V\u00a0piatok sme odprosovali Je\u017ei\u0161a za zranenia, ktor\u00e9 sme sp\u00f4sobili na\u0161im de\u0165om a na\u0161im bl\u00ed\u017enym. Sobota sa niesla v\u00a0duchu pok\u00e1nia a odprosenia za \u013eud\u00ed, ktor\u00ed ubl\u00ed\u017eili n\u00e1m a\u00a0na\u0161im de\u0165om. Oslobodenie sa od hriechu a\u00a0odpustenie. Nede\u013ea bola sviatkom v\u010fakyvzdania, modlitby chv\u00e1l za v\u0161etko, \u010d\u00edm n\u00e1s P\u00e1n v\u00a0na\u0161ich \u017eivotoch obdaril. Symbolom trojdnia bol Je\u017ei\u0161ko v\u00a0jasliach, ktor\u00fd symbolizoval narodenie hnutia, nako\u013eko v\u00a0roku 2015 bolo 20 rokov od jeho vzniku. Jednotliv\u00e9 modlitby a\u00a0rozj\u00edmania sme osvie\u017eili pesni\u010dkami s\u00a0gitarou, ktor\u00e9 mamy predt\u00fdm nacvi\u010dili. A\u00a0veru, bol by to dobr\u00fd spevokol. V\u00a0piatok\u00a0 sme pripravili aj mal\u00e9\u00a0 pohostenie, nako\u013eko n\u00e1s nav\u0161t\u00edvili mamy z\u00a0Trebi\u0161ova.\u00a0<\/span><\/p>\n<div id='gallery-1' class='gallery galleryid-15 gallery-columns-4 gallery-size-thumbnail'><figure class='gallery-item'>\n\t\t\t<div class='gallery-icon landscape'>\n\t\t\t\t<a href='https:\/\/farnostvinne.sk\/?attachment_id=1886'><img loading=\"lazy\" decoding=\"async\" width=\"150\" height=\"150\" src=\"https:\/\/farnostvinne.sk\/wp-content\/uploads\/2020\/04\/P9153018-150x150.jpg\" class=\"attachment-thumbnail size-thumbnail\" alt=\"\" \/><\/a>\n\t\t\t<\/div><\/figure><figure class='gallery-item'>\n\t\t\t<div class='gallery-icon landscape'>\n\t\t\t\t<a href='https:\/\/farnostvinne.sk\/?attachment_id=1885'><img loading=\"lazy\" decoding=\"async\" width=\"150\" height=\"150\" src=\"https:\/\/farnostvinne.sk\/wp-content\/uploads\/2020\/04\/P9153004-150x150.jpg\" class=\"attachment-thumbnail size-thumbnail\" alt=\"\" \/><\/a>\n\t\t\t<\/div><\/figure><figure class='gallery-item'>\n\t\t\t<div class='gallery-icon landscape'>\n\t\t\t\t<a href='https:\/\/farnostvinne.sk\/?attachment_id=1884'><img loading=\"lazy\" decoding=\"async\" width=\"150\" height=\"150\" src=\"https:\/\/farnostvinne.sk\/wp-content\/uploads\/2020\/04\/P9153017-150x150.jpg\" class=\"attachment-thumbnail size-thumbnail\" alt=\"\" \/><\/a>\n\t\t\t<\/div><\/figure><figure class='gallery-item'>\n\t\t\t<div class='gallery-icon landscape'>\n\t\t\t\t<a href='https:\/\/farnostvinne.sk\/?attachment_id=1883'><img loading=\"lazy\" decoding=\"async\" width=\"150\" height=\"150\" src=\"https:\/\/farnostvinne.sk\/wp-content\/uploads\/2020\/04\/P9153003-150x150.jpg\" class=\"attachment-thumbnail size-thumbnail\" alt=\"\" \/><\/a>\n\t\t\t<\/div><\/figure>\n\t\t<\/div>\n\n<p><span style=\"color: #000000;\">Spiritualitu n\u00e1\u0161ho spolo\u010denstva sme vlo\u017eili do kr\u00ed\u017eovej cesty 13. septembra 2015, ke\u010f sme putovali ku kr\u00ed\u017eu na Senderove. Jednotliv\u00e9 zastavenia si pripravili mamy, ktor\u00e9 rozj\u00edmali v\u00a0duchu zastavenia nad svoj\u00edm \u017eivotom a\u00a0podelili sa s\u00a0t\u00fdm. Na za\u010diatku ka\u017ed\u00fd dostal mal\u00fd kr\u00ed\u017eik, ktor\u00fd symbolizoval \u017eivotn\u00fd probl\u00e9m, kr\u00ed\u017e, hriech, z\u00e1vislos\u0165,\u00a0 ktor\u00fd sme si vyniesli a\u017e ku ve\u013ek\u00e9mu kr\u00ed\u017eu na Senderove. Tam\u00a0 sme ho odovzdali Je\u017ei\u0161ovi, aby ho prijal ako n\u00e1\u0161 podiel na vyk\u00fapen\u00ed sveta. Popoludnie sa skon\u010dilo mal\u00fdm agap\u00e9, ktor\u00e9 mamy s\u00a0l\u00e1skou pripravili. \u00a0Podobne sme pripravili a pre\u017eili aj viacer\u00e9 \u010fal\u0161ie kr\u00ed\u017eov\u00e9 cesty konan\u00e9 \u010di u\u017e v pr\u00edrode, v\u00a0dedine, \u00a0alebo v\u00a0na\u0161om kostole.<\/span><\/p>\n<p><span style=\"color: #000000; font-size: inherit; font-family: Roboto, sans-serif;\">Spiritualitou hnutia Modlitieb matiek je \u00fapln\u00e9 odovzdanie seba, svojich det\u00ed a svojich drah\u00fdch do Je\u017ei\u0161ov\u00fdch r\u00fak vo ve\u013ekej d\u00f4vere, \u017ee On m\u00f4\u017ee v\u0161etko. \u201eOdovzda\u0165 sa, znamen\u00e1 pokojne zavrie\u0165 o\u010di svojej du\u0161e a dovoli\u0165 Je\u017ei\u0161ovi, aby n\u00e1s preniesol vo svojom n\u00e1ru\u010d\u00ed na druh\u00fd breh, ako die\u0165a, ktor\u00e9 sp\u00ed v matkinom n\u00e1ru\u010d\u00ed&#8220;.\u00a0<\/span><\/p>\n<div class=\"excerpt\">\n<p><span style=\"color: #000000;\">V modlitbovej skupine sa v\u017edy modl\u00edme :<\/span><br \/>\n<span style=\"color: #000000;\">1. k Duchu Sv\u00e4t\u00e9mu, aby viedol na\u0161e stretnutia;<\/span><br \/>\n<span style=\"color: #000000;\">2. za ochranu od v\u0161etk\u00e9ho zl\u00e9ho;<\/span><br \/>\n<span style=\"color: #000000;\">3. za odpustenie ;<\/span><br \/>\n<span style=\"color: #000000;\">4. za jednotu s\u0155dc a mysl\u00ed ;<\/span><br \/>\n<span style=\"color: #000000;\">5. chv\u00e1lime Boha modlitbou alebo spevom ;<\/span><br \/>\n<span style=\"color: #000000;\">6. modl\u00edme sa za jednotu v\u0161etk\u00fdch modlitebn\u00fdch skup\u00edn Modlitieb matiek ;<\/span><br \/>\n<span style=\"color: #000000;\">7. \u010d\u00edtame zo Sv\u00e4t\u00e9ho p\u00edsma ;<\/span><br \/>\n<span style=\"color: #000000;\">8. \u010fakujeme Bohu za dar materstva ;<\/span><br \/>\n<span style=\"color: #000000;\">9. zaka\u017ed\u00fdm kladieme men\u00e1 det\u00ed do ko\u0161\u00edka k p\u00e4te kr\u00ed\u017ea a v srdci ich odovzd\u00e1vame <\/span><span style=\"color: #000000;\">do P\u00e1novej starostlivosti.<\/span><br \/>\n<strong><span style=\"color: #ff0000;\">\u00a0 \u00a0 <\/span><\/strong><strong><span style=\"color: #ff0000;\">Preto poz\u00fdvame e\u0161te vr\u00facnej\u0161ie v\u0161etky mamy na\u0161ej farnosti, aby sa modlili za svoje deti ! <\/span><\/strong><strong><span style=\"color: #ff0000;\">Pochopme, \u017ee Je\u017ei\u0161 miluje na\u0161e deti v\u00e4\u010d\u0161mi ako my a chce sa stara\u0165 o ich ochranu a rast. <\/span><\/strong><strong><span style=\"color: #ff0000;\">Zasiahne v\u0161ak iba vtedy, ke\u010f Ho o to po\u017eiadame a preto si \u017eel\u00e1, aby sme za svoje deti prosili.<\/span><\/strong><br \/>\n<strong><span style=\"color: #ff0000;\">Modlitba je v\u0161emocn\u00e1, modlitbou m\u00f4\u017eeme meni\u0165 tento svet, modliace sa matky s\u00fa l\u00e1skou a <\/span><\/strong><strong><span style=\"color: #ff0000;\">teplom, s\u00fa ako slne\u010dn\u00e9 svetlo, ktor\u00e9 \u017eiari a\u017e do neba. <\/span><\/strong><strong><span style=\"color: #ff0000;\">\u201e Proste a dostanete!\u2026 Mt 7, 7-11<\/span><\/strong><\/p>\n<h5 class=\"heading\"><strong><span style=\"color: #0000ff;\">Stret\u00e1vanie spolo\u010denstiev otcov a matiek<\/span><\/strong><\/h5>\n<div class=\"excerpt\">\n<p><span style=\"color: #000000;\">U\u017e teraz d\u00e1vam do pozornosti, aby sa v tomto roku 2020 vytvorilo aj modlitby otcov a stret\u00e1vali sa na spolo\u010dn\u00fdch modlitb\u00e1ch. Srde\u010dne poz\u00fdvame aj v\u0161etky matky a otcov, ktor\u00fdm z\u00e1le\u017e\u00ed na osude svojich det\u00ed, no nem\u00f4\u017eu sa z\u00fa\u010dastni\u0165 modlitieb v spolo\u010denstve ka\u017ed\u00fd t\u00fd\u017ede\u0148.<\/span><\/p>\n<hr \/>\n<\/div>\n<\/div>\n<\/div>\n<\/div>\n<\/div>\n<\/div>\n<\/div>\n<\/div>\n<\/div>\n<\/div>\n<\/div>\n","protected":false},"excerpt":{"rendered":"<p>Modlitby matiek \u201eObr\u00e1\u0165te sa v modlitbe na Je\u017ei\u0161a. Miluje v\u00e1s.\u00a0V\u0161etk\u00fdch v\u00e1s miluje.\u00a0 Miluje va\u0161e deti.\u00a0Kedy uver\u00edte, ako ve\u013emi v\u00e1s miluje?\u201c Hist\u00f3ria Modlitby matiek za\u010dali v roku 1995 v Anglicku, ke\u010f dve star\u00e9 mamy poc\u00edtili potrebu modli\u0165 sa za svoje deti a vn\u00fa\u010dat\u00e1. ich zakladate\u013ekou je Veronica Wiliams. Ist\u00fd \u010das, spolu so \u0161vagrinou Sandrou, c\u00edtili potrebu, [&hellip;]<\/p>\n","protected":false},"author":2,"featured_media":0,"parent":0,"menu_order":0,"comment_status":"closed","ping_status":"closed","template":"","meta":{"_monsterinsights_skip_tracking":false,"_monsterinsights_sitenote_active":false,"_monsterinsights_sitenote_note":"","_monsterinsights_sitenote_category":0,"footnotes":""},"class_list":["post-15","page","type-page","status-publish","hentry"],"_links":{"self":[{"href":"https:\/\/farnostvinne.sk\/index.php?rest_route=\/wp\/v2\/pages\/15","targetHints":{"allow":["GET"]}}],"collection":[{"href":"https:\/\/farnostvinne.sk\/index.php?rest_route=\/wp\/v2\/pages"}],"about":[{"href":"https:\/\/farnostvinne.sk\/index.php?rest_route=\/wp\/v2\/types\/page"}],"author":[{"embeddable":true,"href":"https:\/\/farnostvinne.sk\/index.php?rest_route=\/wp\/v2\/users\/2"}],"replies":[{"embeddable":true,"href":"https:\/\/farnostvinne.sk\/index.php?rest_route=%2Fwp%2Fv2%2Fcomments&post=15"}],"version-history":[{"count":6,"href":"https:\/\/farnostvinne.sk\/index.php?rest_route=\/wp\/v2\/pages\/15\/revisions"}],"predecessor-version":[{"id":1888,"href":"https:\/\/farnostvinne.sk\/index.php?rest_route=\/wp\/v2\/pages\/15\/revisions\/1888"}],"wp:attachment":[{"href":"https:\/\/farnostvinne.sk\/index.php?rest_route=%2Fwp%2Fv2%2Fmedia&parent=15"}],"curies":[{"name":"wp","href":"https:\/\/api.w.org\/{rel}","templated":true}]}}