{"id":1370,"date":"2020-04-04T16:17:15","date_gmt":"2020-04-04T14:17:15","guid":{"rendered":"http:\/\/farnostvinne.sk\/?page_id=1370"},"modified":"2022-06-04T22:50:37","modified_gmt":"2022-06-04T20:50:37","slug":"ministranti","status":"publish","type":"page","link":"https:\/\/farnostvinne.sk\/?page_id=1370","title":{"rendered":"Synoda"},"content":{"rendered":"<a href=\"https:\/\/farnostvinne.sk\/wp-content\/uploads\/2020\/05\/sv-dominik-savio-pl.pdf\" class=\"pdfemb-viewer\" style=\"\" data-width=\"max\" data-height=\"max\"  data-toolbar=\"bottom\" data-toolbar-fixed=\"off\">sv-dominik-savio-pl<br\/><\/a>\n<p class=\"wp-block-pdfemb-pdf-embedder-viewer\"><\/p>\n\n\n<hr>\n<h5><span style=\"color: #000000;\">Neodmyslite\u013enou s\u00fa\u010das\u0165ou ka\u017ed\u00e9ho farsk\u00e9ho spolo\u010denstva s\u00fa aj mini\u0161tranti. Ve\u010f pr\u00e1ve oni pom\u00e1haj\u00fa k\u0148azovi, aby sl\u00e1venie sv.om\u0161e bolo d\u00f4stojn\u00e9. Je to slu\u017eba, ktor\u00e1 je d\u00f4le\u017eitou s\u00fa\u010das\u0165ou \u017eivota ka\u017ed\u00e9ho kres\u0165ana. Chlapec, ktor\u00fd sa dobrovo\u013ene rozhodne prisluhova\u0165 pri liturgick\u00fdch obradoch, by mal by\u0165 vzorom predov\u0161etk\u00fdm pevnou vierou v P\u00e1na Je\u017ei\u0161a. Sv\u00e4t\u00fd Pavol apo\u0161tol povedal: ,,A keby som mal tak\u00fa siln\u00fa vieru, \u017ee by som vrchy pren\u00e1\u0161al, a l\u00e1sky by som nemal, ni\u010d\u00edm by som nebol.&#8220;(1 Kor 13,2) Preto je potrebn\u00e1 l\u00e1ska, ktor\u00e1 vypl\u00fdva z viery v Je\u017ei\u0161a Krista. Kto miluje P\u00e1na Boha, nep\u00e1cha zlo, je pln\u00fd viery, neprotire\u010d\u00ed Bohu a kon\u00e1 len dobro. Kto miluje Boha pln\u00ed si svoje kres\u0165ansk\u00e9 povinnosti, pristupuje k sviatostiam, modl\u00ed sa a stato\u010dne pracuje. Kto miluje Boha, miluje aj bl\u00ed\u017eneho, nenad\u00e1va, ner\u00faha sa, neklebet\u00ed, neklame, neoso\u010duje, nepodv\u00e1dza, nekradne. Chlapec, ktor\u00fd miluje P\u00e1na Boha, m\u00e1 \u010dist\u00fd vz\u0165ah k diev\u010dat\u00e1m. Nepoh\u0155da nimi, nevysmieva sa im, neubli\u017euje im, ale chr\u00e1ni a br\u00e1ni ich \u010des\u0165 a sv\u00e4t\u00fa \u010distotu. Tak\u00fd chlapec je rados\u0165ou rodiny i cel\u00e9ho kres\u0165ansk\u00e9ho spolo\u010denstva.<\/span><\/h5>\n<h5><span style=\"color: #000000;\">Mini\u0161trantsk\u00e1 slu\u017eba v\u0161ak neznamen\u00e1 len slu\u017ebu pri olt\u00e1ri po\u010das sv\u00e4tej om\u0161e, ale taktie\u017e je d\u00f4le\u017eit\u00e9 utu\u017eova\u0165 vz\u00e1jomn\u00e9 vz\u0165ahy. Aj v na\u0161ej farnosti m\u00e1me mini\u0161trantov, ktor\u00ed verne sl\u00fa\u017eia Bohu a bl\u00ed\u017enym pri olt\u00e1ri, ale taktie\u017e nezanedb\u00e1vaj\u00fa budovanie partie. Pravideln\u00e9 stretk\u00e1 na fare i&nbsp;v&nbsp;telocvi\u010dni \u010di na ihrisku s\u00fa toho len d\u00f4kazom. &nbsp;\u0160port, filmy, z\u00e1bava, i&nbsp;to je treba na to, &nbsp;aby sa budovalo spolo\u010denstvo. Nu\u017e, by\u0165 mini\u0161trantom je zauj\u00edmav\u00e9, dobrodru\u017en\u00e9, a tie\u017e obohacuj\u00face.<\/span><\/h5>\n<h5><span style=\"color: #000000;\">A ako sa hovor\u00ed, mini\u0161trantov nikdy nie je dos\u0165, a tak ak sa chce\u0161 aj ty sta\u0165 jedn\u00fdm z n\u00e1s, ur\u010dite pr\u00ed\u010f medzi n\u00e1s. Sta\u010d\u00ed, ke\u010f pred ktorouko\u013evek om\u0161ou pr\u00edde\u0161 do sakristie kostola a povie\u0161, \u017ee chce\u0161 mini\u0161trova\u0165;&nbsp; ur\u010dite sa tam n\u00e1jde niekto, kto sa \u0165a ujme &#8230;\u010di u\u017e kostoln\u00edk, k\u0148az, alebo niekto in\u00fd z n\u00e1s.. Tak pr\u00ed\u010f, a buduj s nami spolo\u010denstvo pln\u00e9 z\u00e1bavy, ale aj zodpovednosti, kde m\u00f4\u017ee\u0161 spozna\u0165 nov\u00fdch kamar\u00e1tov, dobre sa s nimi porozpr\u00e1va\u0165, \u010di zahra\u0165, ale predov\u0161etk\u00fdm sta\u0165 sa \u201ebodyguardom\u201c P\u00e1na Je\u017ei\u0161a a takto r\u00e1s\u0165 v osobnom vz\u0165ahu s n\u00edm.<\/span><\/h5>\n<h4><span style=\"color: #0000ff;\"><strong>Mil\u00e9 mami\u010dky, star\u00e9 mamky a in\u00ed pr\u00edbuzn\u00ed, ak m\u00e1te v rodine chlapca, ktor\u00fd chod\u00ed do kostola, ale nemini\u0161truje, sk\u00faste ho k n\u00e1m nasmerova\u0165. Vek nehr\u00e1 \u017eiadnu rolu, \u010di m\u00e1 6 rokov, alebo 16, radi ho medzi sebou priv\u00edtame<\/strong>.<\/span><\/h4>\n<h5 style=\"text-align: center;\"><span style=\"color: #000000;\"><strong>PATR\u00d3NI MINI\u0160TRANTOV<\/strong><\/span><\/h5>\n<h5><strong><span style=\"color: #0000ff;\">DOMINIK S\u00c1VIO<\/span><\/strong><\/h5>\n<h5><span style=\"color: #000000;\"><img loading=\"lazy\" decoding=\"async\" class=\"alignleft  wp-image-2060\" src=\"http:\/\/farnostvinne.sk\/wp-content\/uploads\/2020\/05\/unnamed-244x300.jpg\" alt=\"\" width=\"215\" height=\"264\" srcset=\"https:\/\/farnostvinne.sk\/wp-content\/uploads\/2020\/05\/unnamed-244x300.jpg 244w, https:\/\/farnostvinne.sk\/wp-content\/uploads\/2020\/05\/unnamed.jpg 344w\" sizes=\"auto, (max-width: 215px) 100vw, 215px\" \/>S\u00e1vio Dominik sa narodil 2. apr\u00edla 1842 v San Giovanni di Riva pri Tur\u00edne. Ako sedemro\u010dn\u00fd, pri prvom sv\u00e4tom prij\u00edman\u00ed na\u010drtol svoj \u017eivotn\u00fd pl\u00e1n: \u201e\u010casto sa budem spoveda\u0165 a prij\u00edma\u0165 tak \u010dasto ako mi to spovedn\u00edk dovol\u00ed. Chcem sv\u00e4ti\u0165 sviatky. Moji priatelia bud\u00fa Je\u017ei\u0161 a M\u00e1ria. Rad\u0161ej zomrie\u0165 ako zhre\u0161i\u0165.&#8220; V dvan\u00e1stich rokoch ho prijal Don Bosco do svojho orat\u00f3ria v Tur\u00edne. Dominik ho \u017eiadal, aby mu pomohol sta\u0165 sa sv\u00e4t\u00fdm. Mierny, v\u017edy vesel\u00fd a vyrovnan\u00fd, d\u00e1val ve\u013ek\u00fd d\u00f4raz na \u0161tudentsk\u00e9 povinnosti a slu\u017ebu spolu\u017eiakom, vyu\u010doval ich katechizmus, sl\u00fa\u017eil chor\u00fdm, zmieroval rozhnevan\u00fdch\u2026 Jedn\u00e9ho d\u0148a oslovil spolu\u017eiaka, ktor\u00fd pr\u00e1ve pri\u0161iel do Orat\u00f3ria: \u201eVedz, \u017ee na\u0161a sv\u00e4tos\u0165 spo\u010d\u00edva v tom, by\u0165 st\u00e1le vesel\u00fd. Vyh\u00fdbame sa hriechu ako ve\u013ek\u00e9mu nepriate\u013eovi, ktor\u00fd n\u00e1m kradne Bo\u017eiu milos\u0165 a pokoj srdca, pln\u00edme si presne na\u0161e povinnosti.&#8220; Zostal vern\u00fd svojmu programu, intenz\u00edvne sa z\u00fa\u010dast\u0148oval na sviatostiach a pre\u017e\u00edval detsk\u00fa zbo\u017enos\u0165 k M\u00e1rii, s rados\u0165ou prin\u00e1\u0161al obety, Boh ho zahrnul mnoh\u00fdmi darmi a charizmami. 8. decembra 1854, vyhl\u00e1sil p\u00e1pe\u017e Pius IX. Dogmu o Nepo\u0161kvrnenom po\u010dat\u00ed Panny M\u00e1rie. Dominik sa zasv\u00e4til M\u00e1rii a za\u010dal r\u00fdchlo napredova\u0165 v sv\u00e4tosti. V roku 1856 zalo\u017eil medzi priate\u013emi &#8222;Spolo\u010dnos\u0165 Nepo\u0161kvrnenej&#8220; na apo\u0161tolsk\u00fa \u010dinnos\u0165. Mama Margerita, ktor\u00e1 pri\u0161la pom\u00f4c\u0165 synovi \u2013 k\u0148azovi, mu jedn\u00e9ho d\u0148a povedala: \u201eM\u00e1\u0161 mnoh\u00fdch dobr\u00fdch mlad\u00edkov, no nik neprekon\u00e1 kr\u00e1su srdca a du\u0161e Dominika S\u00e1via. Vid\u00edm ho st\u00e1le modli\u0165 sa, zost\u00e1va v kostole, ka\u017ed\u00fd de\u0148 si uprie p\u00e1r min\u00fat z osobn\u00e9ho vo\u013ena, aby nav\u0161t\u00edvil sviatos\u0165 Olt\u00e1rnu\u2026. V kostole je ako anjel, ktor\u00fd preb\u00fdva v nebi.&#8220; Zomrel v Mondoniu 9. marca 1857. Jeho pozostatky sa uctievaj\u00fa v Bazilike Panny M\u00e1rie Pomocnice. Pius XI. ho ozna\u010dil za &#8222;mal\u00e9ho, no obrieho v duchu&#8220;.<\/span><\/h5>\n<h5>&nbsp;<\/h5>\n<h5><strong><span style=\"color: #0000ff;\">TARZ\u00cdCIUS<\/span><\/strong><\/h5>\n<h5><span style=\"color: #000000;\"><img loading=\"lazy\" decoding=\"async\" class=\"alignleft size-full wp-image-2061\" src=\"http:\/\/farnostvinne.sk\/wp-content\/uploads\/2020\/05\/pict_201606221425024aj.jpg\" alt=\"\" width=\"200\" height=\"275\">Tarz\u00edcius bol akolytom (rozd\u00e1vate\u013eom Eucharistie) alebo diakonom v R\u00edme. V druhej polovici 3.storo\u010dia bol ukame\u0148ovan\u00fd davom \u013eud\u00ed na r\u00edmskej ceste Via Appia, ke\u010f niesol Eucharistiu nezn\u00e1memu kres\u0165anovi do v\u00e4zenia. T\u00fato udalos\u0165 op\u00edsal kardin\u00e1l Wiseman vo svojom diele \u201eFabiola&#8220;. P\u00e1pe\u017e sv. Damazus (bol p\u00e1pe\u017eom v rokoch 366-384) nap\u00edsal o \u0148om po\u00e9mu a dal mu vytesa\u0165 na n\u00e1hrobn\u00fd kame\u0148 \u0161tvorver\u0161ie, ktor\u00e9 vyjadrovalo pr\u00ed\u010dinu jeho smrti. Legenda ho predstavovala ako chlapca (mini\u0161tranta), ktor\u00fd v \u010dase prenasledovania niesol Eucharistiu uv\u00e4znen\u00fdm kres\u0165anom. Na tejto ceste ho stretli chlapci, ktor\u00ed v\u0161ak kres\u0165anmi neboli. Chceli, aby im uk\u00e1zal, \u010do to nesie. On v\u0161ak Eucharistiu chr\u00e1nil za ka\u017ed\u00fa cenu. Chlapci \u010doskoro pri\u0161li na to, \u017ee je kres\u0165anom a nesie \u201ekres\u0165ansk\u00e9 tajomstv\u00e1&#8220;. Kv\u00f4li tomu ho za\u010dali bi\u0165 a kame\u0148ova\u0165. Tarz\u00edcius sa v\u0161ak dr\u017eal stato\u010dne. Ke\u010f u\u017e zomieral, i\u0161iel okolo jeden r\u00edmsky vojak, ktor\u00fd bol tie\u017e kres\u0165anom. Chlapcov rozohnal a Tarz\u00edcius mu e\u0161te stihol poveda\u0165, Koho nesie a kam. Potom vyd\u00fdchol. Vojak sa postaral aj o jeho telo aj o Eucharistiu. \u010ci tento pr\u00edbeh obsahuje presn\u00e9 historick\u00e9 fakty, nevieme. Tarz\u00edcius mohol by\u0165 aj mlad\u00fdm mu\u017eom \u2013 diakonom, ktor\u00fd niesol Eucharistiu z titulu svojej funkcie a slu\u017eby: \u010di u\u017e chor\u00fdm, prenasledovan\u00fdm alebo z p\u00e1pe\u017eskej sv. om\u0161e k\u0148azom hlavn\u00fdch r\u00edmskych kostolov ako znak jednoty. V ka\u017edom pr\u00edpade je mu\u010den\u00edkom a odd\u00e1vna si ho uctieva mnoho \u013eud\u00ed, naj\u010dastej\u0161ie ako patr\u00f3na mini\u0161trantov.<\/span><\/h5>\n<h5 style=\"text-align: center;\"><span style=\"color: #000000;\"><strong>&nbsp;<\/strong><\/span><span style=\"color: #000000;\"><strong>MODLITBY MINI\u0160TRANTOV<\/strong><\/span><\/h5>\n<h5 style=\"text-align: center;\"><strong><span style=\"color: #000000;\">Modlitba pred sv\u00e4tou om\u0161ou<\/span><\/strong><\/h5>\n<h5 style=\"text-align: center;\"><span style=\"color: #000000;\">Pane Je\u017ei\u0161u<\/span><br><span style=\"color: #000000;\">\u010fakujem Ti, \u017ee si si ma vybral<\/span><br><span style=\"color: #000000;\">za svojho mini\u0161tranta<\/span><br><span style=\"color: #000000;\">a \u017ee Ti m\u00f4\u017eem sl\u00fa\u017ei\u0165 pri tejto sv. om\u0161i.<\/span><br><span style=\"color: #000000;\">Pros\u00edm \u0164a daj,<\/span><br><span style=\"color: #000000;\">aby som sa po\u010das nej tak spr\u00e1val<\/span><br><span style=\"color: #000000;\">ako sa na to Tebe p\u00e1\u010di.<\/span><br><span style=\"color: #000000;\">Sl\u00e1va Otcu\u2026<\/span><\/h5>\n<h5 style=\"text-align: center;\"><strong><span style=\"color: #000000;\">Modlitba po sv\u00e4tej om\u0161i<\/span><\/strong><\/h5>\n<h5 style=\"text-align: center;\"><span style=\"color: #000000;\">Pane Je\u017ei\u0161u,<\/span><br><span style=\"color: #000000;\">som r\u00e1d, \u017ee som Ti mohol sl\u00fa\u017ei\u0165<\/span><br><span style=\"color: #000000;\">pri tejto sv\u00e4tej om\u0161i.<\/span><br><span style=\"color: #000000;\">Pros\u00edm \u0164a daj,<\/span><br><span style=\"color: #000000;\">aby som sa v\u017edy tak spr\u00e1val<\/span><br><span style=\"color: #000000;\">ako sa na tvojho mini\u0161tranta patr\u00ed a daj,<\/span><br><span style=\"color: #000000;\">aby sa niektor\u00ed z n\u00e1s stali tvojimi k\u0148azmi.<\/span><br><span style=\"color: #000000;\">Sl\u00e1va Otcu\u2026<\/span><br><span style=\"color: #000000;\">Panna M\u00e1ria Pomocnica kres\u0165anov, sv\u00e4t\u00fd don Bosco,<\/span><br><span style=\"color: #000000;\">a sv\u00e4t\u00fd Dominik S\u00e1vio, pom\u00e1hajte mi.<\/span><\/h5>","protected":false},"excerpt":{"rendered":"<p>Neodmyslite\u013enou s\u00fa\u010das\u0165ou ka\u017ed\u00e9ho farsk\u00e9ho spolo\u010denstva s\u00fa aj mini\u0161tranti. Ve\u010f pr\u00e1ve oni pom\u00e1haj\u00fa k\u0148azovi, aby sl\u00e1venie sv.om\u0161e bolo d\u00f4stojn\u00e9. Je to slu\u017eba, ktor\u00e1 je d\u00f4le\u017eitou s\u00fa\u010das\u0165ou \u017eivota ka\u017ed\u00e9ho kres\u0165ana. Chlapec, ktor\u00fd sa dobrovo\u013ene rozhodne prisluhova\u0165 pri liturgick\u00fdch obradoch, by mal by\u0165 vzorom predov\u0161etk\u00fdm pevnou vierou v P\u00e1na Je\u017ei\u0161a. Sv\u00e4t\u00fd Pavol apo\u0161tol povedal: ,,A keby som mal [&hellip;]<\/p>\n","protected":false},"author":1,"featured_media":0,"parent":0,"menu_order":0,"comment_status":"closed","ping_status":"closed","template":"","meta":{"_monsterinsights_skip_tracking":false,"_monsterinsights_sitenote_active":false,"_monsterinsights_sitenote_note":"","_monsterinsights_sitenote_category":0,"footnotes":""},"class_list":["post-1370","page","type-page","status-publish","hentry"],"_links":{"self":[{"href":"https:\/\/farnostvinne.sk\/index.php?rest_route=\/wp\/v2\/pages\/1370","targetHints":{"allow":["GET"]}}],"collection":[{"href":"https:\/\/farnostvinne.sk\/index.php?rest_route=\/wp\/v2\/pages"}],"about":[{"href":"https:\/\/farnostvinne.sk\/index.php?rest_route=\/wp\/v2\/types\/page"}],"author":[{"embeddable":true,"href":"https:\/\/farnostvinne.sk\/index.php?rest_route=\/wp\/v2\/users\/1"}],"replies":[{"embeddable":true,"href":"https:\/\/farnostvinne.sk\/index.php?rest_route=%2Fwp%2Fv2%2Fcomments&post=1370"}],"version-history":[{"count":5,"href":"https:\/\/farnostvinne.sk\/index.php?rest_route=\/wp\/v2\/pages\/1370\/revisions"}],"predecessor-version":[{"id":5256,"href":"https:\/\/farnostvinne.sk\/index.php?rest_route=\/wp\/v2\/pages\/1370\/revisions\/5256"}],"wp:attachment":[{"href":"https:\/\/farnostvinne.sk\/index.php?rest_route=%2Fwp%2Fv2%2Fmedia&parent=1370"}],"curies":[{"name":"wp","href":"https:\/\/api.w.org\/{rel}","templated":true}]}}