{"id":112,"date":"2019-10-10T12:10:42","date_gmt":"2019-10-10T10:10:42","guid":{"rendered":"http:\/\/d.websupport.sk\/farnost-rozhanovce.sk\/?page_id=112"},"modified":"2022-01-23T18:30:55","modified_gmt":"2022-01-23T17:30:55","slug":"kontakt","status":"publish","type":"page","link":"https:\/\/farnostvinne.sk\/?page_id=112","title":{"rendered":"Podpor n\u00e1s"},"content":{"rendered":"\n<div class=\"wp-block-group\"><div class=\"wp-block-group__inner-container is-layout-flow wp-block-group-is-layout-flow\">\n<hr>\n<h4><span style=\"color: #000000;\">Ka\u017ed\u00fd kto by mal z\u00e1ujem <strong>finan\u010dne prispie\u0165<\/strong> na zve\u013eadenie kostola, nov\u00fa strechu farskej budovy, m\u00f4\u017ee to urobi\u0165 individu\u00e1lne alebo na \u00fa\u010det.&nbsp;<\/span><\/h4>\n<h4><span style=\"color: #000000;\">SLSP \u010d.\u00fa: <strong>SK 3409000000000091017595<\/strong><\/span><\/h4>\n<h4><span style=\"color: #000000;\"><span style=\"color: #0000ff;\"><strong>Milodar QR k\u00f3dom <\/strong><\/span>Na bezhotovostn\u00fd prevod m\u00f4\u017eete pou\u017ei\u0165 tento QR k\u00f3d na\u010d\u00edtan\u00edm do mobilnej aplik\u00e1cie va\u0161ej banky.&nbsp;<\/span><span style=\"color: #000000;\">Sta\u010d\u00ed doplni\u0165 sumu a&nbsp;<\/span><span style=\"color: #000000;\">odosla\u0165 v\u00e1\u0161 milodar.<\/span><strong><span style=\"color: #000000;\">Za ka\u017ed\u00fd dar \u010fakujeme.<\/span><\/strong><\/h4>\n<h4><strong><span style=\"color: #000000;\"><img loading=\"lazy\" decoding=\"async\" class=\"wp-image-4957 alignnone\" src=\"http:\/\/farnostvinne.sk\/wp-content\/uploads\/2022\/01\/Snimka-obrazovky-2022-01-23-o-18.10.48-229x300.png\" alt=\"\" width=\"123\" height=\"161\"><\/span><\/strong><\/h4>\n\n\n\n<div class=\"text b b-text cf design-01\"><hr \/><\/div>\n<div class=\"text b b-text cf design-01\">\n<h4 class=\"text-content\"><strong><span style=\"color: #000000;\">Kontakt:<\/span><\/strong><\/h4>\n<h4 class=\"text-content\"><span style=\"color: #000000; font-size: inherit; font-family: Roboto, sans-serif;\">Telef\u00f3n: <\/span><span style=\"color: #000000;\"><strong style=\"font-size: inherit; font-family: Roboto, sans-serif;\">0903 592 818<\/strong><\/span><\/h4>\n<\/div>\n<div class=\"text b b-text cf design-01\">\n<h4 class=\"text-content\"><span style=\"color: #000000;\">e-mail: <strong>vinne@abuke.sk<\/strong><\/span><\/h4>\n<h4 class=\"text-content\"><span style=\"color: #000000;\">Adresa farsk\u00e9ho \u00faradu:<\/span><\/h4>\n<h4 class=\"text-content\"><span style=\"color: #000000;\"><b>R\u00edmskokatol\u00edcka farnos\u0165 sv\u00e4tej Anny\u00a0<br \/><\/b><strong>Vinn\u00e9 90, 072 31<\/strong><\/span><\/h4>\n<h4 class=\"text-content\"><span style=\"color: #000000;\">I\u010cO: 31998411<\/span><\/h4>\n<hr \/>\n<h4 class=\"text-content\">\u00a0<\/h4>\n<\/div>\n\n\n\n<p><\/p>\n<\/div><\/div>\n\n\n\n<p><\/p>\n","protected":false},"excerpt":{"rendered":"<p>Ka\u017ed\u00fd kto by mal z\u00e1ujem finan\u010dne prispie\u0165 na zve\u013eadenie kostola, nov\u00fa strechu farskej budovy, m\u00f4\u017ee to urobi\u0165 individu\u00e1lne alebo na \u00fa\u010det.&nbsp; SLSP \u010d.\u00fa: SK 3409000000000091017595 Milodar QR k\u00f3dom Na bezhotovostn\u00fd prevod m\u00f4\u017eete pou\u017ei\u0165 tento QR k\u00f3d na\u010d\u00edtan\u00edm do mobilnej aplik\u00e1cie va\u0161ej banky.&nbsp;Sta\u010d\u00ed doplni\u0165 sumu a&nbsp;odosla\u0165 v\u00e1\u0161 milodar.Za ka\u017ed\u00fd dar \u010fakujeme. Kontakt: Telef\u00f3n: 0903 592 818 [&hellip;]<\/p>\n","protected":false},"author":2,"featured_media":0,"parent":0,"menu_order":0,"comment_status":"closed","ping_status":"closed","template":"","meta":{"_monsterinsights_skip_tracking":false,"_monsterinsights_sitenote_active":false,"_monsterinsights_sitenote_note":"","_monsterinsights_sitenote_category":0,"footnotes":""},"class_list":["post-112","page","type-page","status-publish","hentry"],"_links":{"self":[{"href":"https:\/\/farnostvinne.sk\/index.php?rest_route=\/wp\/v2\/pages\/112","targetHints":{"allow":["GET"]}}],"collection":[{"href":"https:\/\/farnostvinne.sk\/index.php?rest_route=\/wp\/v2\/pages"}],"about":[{"href":"https:\/\/farnostvinne.sk\/index.php?rest_route=\/wp\/v2\/types\/page"}],"author":[{"embeddable":true,"href":"https:\/\/farnostvinne.sk\/index.php?rest_route=\/wp\/v2\/users\/2"}],"replies":[{"embeddable":true,"href":"https:\/\/farnostvinne.sk\/index.php?rest_route=%2Fwp%2Fv2%2Fcomments&post=112"}],"version-history":[{"count":6,"href":"https:\/\/farnostvinne.sk\/index.php?rest_route=\/wp\/v2\/pages\/112\/revisions"}],"predecessor-version":[{"id":4969,"href":"https:\/\/farnostvinne.sk\/index.php?rest_route=\/wp\/v2\/pages\/112\/revisions\/4969"}],"wp:attachment":[{"href":"https:\/\/farnostvinne.sk\/index.php?rest_route=%2Fwp%2Fv2%2Fmedia&parent=112"}],"curies":[{"name":"wp","href":"https:\/\/api.w.org\/{rel}","templated":true}]}}