{"id":1067,"date":"2020-03-28T13:18:18","date_gmt":"2020-03-28T12:18:18","guid":{"rendered":"http:\/\/farnostvinne.sk\/?page_id=1067"},"modified":"2020-03-28T13:28:38","modified_gmt":"2020-03-28T12:28:38","slug":"o-farnosti","status":"publish","type":"page","link":"https:\/\/farnostvinne.sk\/?page_id=1067","title":{"rendered":"O farnosti"},"content":{"rendered":"<p><img loading=\"lazy\" decoding=\"async\" class=\"wp-image-1017 aligncenter\" src=\"http:\/\/farnostvinne.sk\/wp-content\/uploads\/2020\/03\/DSC_5916-300x200.jpg\" alt=\"\" width=\"712\" height=\"474\" srcset=\"https:\/\/farnostvinne.sk\/wp-content\/uploads\/2020\/03\/DSC_5916-300x200.jpg 300w, https:\/\/farnostvinne.sk\/wp-content\/uploads\/2020\/03\/DSC_5916-1024x682.jpg 1024w, https:\/\/farnostvinne.sk\/wp-content\/uploads\/2020\/03\/DSC_5916-768x512.jpg 768w, https:\/\/farnostvinne.sk\/wp-content\/uploads\/2020\/03\/DSC_5916-1536x1024.jpg 1536w, https:\/\/farnostvinne.sk\/wp-content\/uploads\/2020\/03\/DSC_5916-2048x1365.jpg 2048w\" sizes=\"auto, (max-width: 712px) 100vw, 712px\" \/><\/p>\n<h2 style=\"text-align: center;\"><strong><a href=\"https:\/\/radomosko.blogspot.com\/2012\/04\/farsky-kostol-svatej-anny-vo-vinnom.html\" data-rich-text-format-boundary=\"true\">Farsk\u00fd kostol sv\u00e4tej Anny vo Vinnom\u00a0 &#8211; 1. \u010das\u0165<\/a><\/strong><\/h2>\n\n\n<h2 class=\"has-text-align-center wp-block-heading\"><strong><a href=\"https:\/\/radomosko.blogspot.com\/2012\/04\/farsky-kostol-svatej-anny-vo-vinnom-2.html\">Farsk\u00fd kostol sv\u00e4tej Anny vo Vinnom\u00a0 &#8211; 2. \u010das\u0165<\/a><\/strong><\/h2>\n","protected":false},"excerpt":{"rendered":"<p>Farsk\u00fd kostol sv\u00e4tej Anny vo Vinnom\u00a0 &#8211; 1. \u010das\u0165 Farsk\u00fd kostol sv\u00e4tej Anny vo Vinnom\u00a0 &#8211; 2. \u010das\u0165<\/p>\n","protected":false},"author":1,"featured_media":0,"parent":0,"menu_order":0,"comment_status":"closed","ping_status":"closed","template":"","meta":{"_monsterinsights_skip_tracking":false,"_monsterinsights_sitenote_active":false,"_monsterinsights_sitenote_note":"","_monsterinsights_sitenote_category":0,"footnotes":""},"class_list":["post-1067","page","type-page","status-publish","hentry"],"_links":{"self":[{"href":"https:\/\/farnostvinne.sk\/index.php?rest_route=\/wp\/v2\/pages\/1067","targetHints":{"allow":["GET"]}}],"collection":[{"href":"https:\/\/farnostvinne.sk\/index.php?rest_route=\/wp\/v2\/pages"}],"about":[{"href":"https:\/\/farnostvinne.sk\/index.php?rest_route=\/wp\/v2\/types\/page"}],"author":[{"embeddable":true,"href":"https:\/\/farnostvinne.sk\/index.php?rest_route=\/wp\/v2\/users\/1"}],"replies":[{"embeddable":true,"href":"https:\/\/farnostvinne.sk\/index.php?rest_route=%2Fwp%2Fv2%2Fcomments&post=1067"}],"version-history":[{"count":2,"href":"https:\/\/farnostvinne.sk\/index.php?rest_route=\/wp\/v2\/pages\/1067\/revisions"}],"predecessor-version":[{"id":1076,"href":"https:\/\/farnostvinne.sk\/index.php?rest_route=\/wp\/v2\/pages\/1067\/revisions\/1076"}],"wp:attachment":[{"href":"https:\/\/farnostvinne.sk\/index.php?rest_route=%2Fwp%2Fv2%2Fmedia&parent=1067"}],"curies":[{"name":"wp","href":"https:\/\/api.w.org\/{rel}","templated":true}]}}